{"id":522,"date":"2023-06-01T15:13:38","date_gmt":"2023-06-01T18:13:38","guid":{"rendered":"https:\/\/vivereducacional.com.br\/?page_id=522"},"modified":"2023-06-01T15:13:38","modified_gmt":"2023-06-01T18:13:38","slug":"obrigado-supletivo-eja","status":"publish","type":"page","link":"https:\/\/a4it.com.br\/?page_id=522","title":{"rendered":"Obrigado | Supletivo EJA"},"content":{"rendered":"\t\t<div data-elementor-type=\"wp-page\" data-elementor-id=\"522\" class=\"elementor elementor-522\" data-elementor-post-type=\"page\">\n\t\t\t\t\t\t<section class=\"elementor-section elementor-top-section elementor-element elementor-element-88b8bf8 elementor-section-boxed elementor-section-height-default elementor-section-height-default\" data-id=\"88b8bf8\" data-element_type=\"section\" data-settings=\"{&quot;background_background&quot;:&quot;classic&quot;}\">\n\t\t\t\t\t\t<div class=\"elementor-container elementor-column-gap-default\">\n\t\t\t\t\t<div class=\"elementor-column elementor-col-100 elementor-top-column elementor-element elementor-element-a1e3a93\" data-id=\"a1e3a93\" data-element_type=\"column\">\n\t\t\t<div class=\"elementor-widget-wrap elementor-element-populated\">\n\t\t\t\t\t\t<div class=\"elementor-element elementor-element-4a2ed33 elementor-widget elementor-widget-image\" data-id=\"4a2ed33\" data-element_type=\"widget\" data-widget_type=\"image.default\">\n\t\t\t\t\t\t\t\t\t\t\t\t\t\t\t<img fetchpriority=\"high\" decoding=\"async\" width=\"300\" height=\"300\" src=\"https:\/\/a4it.com.br\/wp-content\/uploads\/2023\/05\/Layer-1-1024x1024-1-300x300.png\" class=\"attachment-medium size-medium wp-image-448\" alt=\"\" srcset=\"https:\/\/a4it.com.br\/wp-content\/uploads\/2023\/05\/Layer-1-1024x1024-1-300x300.png 300w, https:\/\/a4it.com.br\/wp-content\/uploads\/2023\/05\/Layer-1-1024x1024-1-150x150.png 150w, https:\/\/a4it.com.br\/wp-content\/uploads\/2023\/05\/Layer-1-1024x1024-1-768x768.png 768w, https:\/\/a4it.com.br\/wp-content\/uploads\/2023\/05\/Layer-1-1024x1024-1.png 1024w\" sizes=\"(max-width: 300px) 100vw, 300px\" \/>\t\t\t\t\t\t\t\t\t\t\t\t\t\t\t<\/div>\n\t\t\t\t\t<\/div>\n\t\t<\/div>\n\t\t\t\t\t<\/div>\n\t\t<\/section>\n\t\t\t\t<section class=\"elementor-section elementor-top-section elementor-element elementor-element-dd8b879 elementor-section-boxed elementor-section-height-default elementor-section-height-default\" data-id=\"dd8b879\" data-element_type=\"section\" id=\"inicio\" data-settings=\"{&quot;background_background&quot;:&quot;gradient&quot;}\">\n\t\t\t\t\t\t<div class=\"elementor-container elementor-column-gap-default\">\n\t\t\t\t\t<div class=\"elementor-column elementor-col-100 elementor-top-column elementor-element elementor-element-51f9647\" data-id=\"51f9647\" data-element_type=\"column\">\n\t\t\t<div class=\"elementor-widget-wrap elementor-element-populated\">\n\t\t\t\t\t\t<div class=\"elementor-element elementor-element-dcd1ef6 elementor-widget elementor-widget-heading\" data-id=\"dcd1ef6\" data-element_type=\"widget\" data-widget_type=\"heading.default\">\n\t\t\t\t\t<h2 class=\"elementor-heading-title elementor-size-default\">Obrigado, cadastro realizado com sucesso !<\/h2>\t\t\t\t<\/div>\n\t\t\t\t<div class=\"elementor-element elementor-element-a27cd9a elementor-widget elementor-widget-text-editor\" data-id=\"a27cd9a\" data-element_type=\"widget\" data-widget_type=\"text-editor.default\">\n\t\t\t\t\t\t\t\t\t<p>Nosso hor\u00e1rio de funcionamento \u00e9 de segunda a sexta, das 08h \u00e1s 19h e aos s\u00e1bados das 09h \u00e1s 13h.<br>Mensagens fora do hor\u00e1rio de atendimento ser\u00e3o respondidas no pr\u00f3ximo dia \u00fatil.<\/p>\t\t\t\t\t\t\t\t<\/div>\n\t\t\t\t\t<\/div>\n\t\t<\/div>\n\t\t\t\t\t<\/div>\n\t\t<\/section>\n\t\t\t\t<\/div>\n\t\t","protected":false},"excerpt":{"rendered":"<p>Obrigado, cadastro realizado com sucesso ! Nosso hor\u00e1rio de funcionamento \u00e9 de segunda a sexta, das 08h \u00e1s 19h e aos s\u00e1bados das 09h \u00e1s 13h.Mensagens fora do hor\u00e1rio de atendimento ser\u00e3o respondidas no pr\u00f3ximo dia \u00fatil.<\/p>\n","protected":false},"author":1,"featured_media":0,"parent":0,"menu_order":0,"comment_status":"closed","ping_status":"closed","template":"elementor_canvas","meta":{"footnotes":""},"class_list":["post-522","page","type-page","status-publish","hentry"],"_links":{"self":[{"href":"https:\/\/a4it.com.br\/index.php?rest_route=\/wp\/v2\/pages\/522","targetHints":{"allow":["GET"]}}],"collection":[{"href":"https:\/\/a4it.com.br\/index.php?rest_route=\/wp\/v2\/pages"}],"about":[{"href":"https:\/\/a4it.com.br\/index.php?rest_route=\/wp\/v2\/types\/page"}],"author":[{"embeddable":true,"href":"https:\/\/a4it.com.br\/index.php?rest_route=\/wp\/v2\/users\/1"}],"replies":[{"embeddable":true,"href":"https:\/\/a4it.com.br\/index.php?rest_route=%2Fwp%2Fv2%2Fcomments&post=522"}],"version-history":[{"count":0,"href":"https:\/\/a4it.com.br\/index.php?rest_route=\/wp\/v2\/pages\/522\/revisions"}],"wp:attachment":[{"href":"https:\/\/a4it.com.br\/index.php?rest_route=%2Fwp%2Fv2%2Fmedia&parent=522"}],"curies":[{"name":"wp","href":"https:\/\/api.w.org\/{rel}","templated":true}]}}